Evaluate 0 + 0 - (5 - 0).
-5
Calculate (0 - (-3 + 5)) + -1 + 0.
-3
-3 + 5 + (-3 - 6)
-7
What is the value of -26 + 31 + (-5 - 0)?
0
What is the value of 7 + 12 + 1 + -13?
7
Evaluate 2 + -4 + (-2 - -5) + -11.
-10
8 + (-3 - (15 + -5))
-5
7 - (18 + 8 + 0) - -8
-11
What is (-7 - 0) + 2 + 7?
2
Evaluate -18 - (-1 - (-4 - -13)).
-8
Evaluate 10 + 9 + (-8 - -4) + -7.
8
Calculate 7 - (-14 + 4 - -12).
5
What is the value of 4 - (-5 + (10 - 4))?
3
What is the value of (-50 - -47) + (-2 - 2)?
-7
Calculate (7 - 0) + (70 - 78).
-1
Evaluate -8 + 9 + (5 - 13) + 3.
-4
Evaluate -6 + 6 + -4 + 1.
-3
What is the value of -1 + (1 - (-7 + (-1 - -5)))?
3
What is -6 - (4 + -8 - -2)?
-4
What is 18 + -24 + (0 - -1)?
-5
Evaluate (-2 - -12 - (-11 - -10)) + -2.
9
Evaluate 1 + 2 + 4 + (-8 - 0).
-1
-4 + 12 + -2 + -2 + -1
3
Calculate -7 - -14 - (2 - -10).
-5
What is the value of 3 - (16 + -9) - -6?
2
(6 - (5 + -2 - -7)) + 0
-4
What is the value of -1 - 2 - (2 + -1)?
-4
1 + -1 + 4 + -9
-5
What is the value of -5 + -8 + 18 + -5?
0
What is (-4 - 0) + -6 + 9 + 3?
2
What is the value of -4 + (7 - (-3 - -1))?
5
Calculate -3 + (4 - -4) + -1.
4
What is -1 - ((0 - 2) + -4 + 3)?
2
(27 - 34) + (-2 - 1)
-10
-2 + (3 - 6 - -8)
3
What is (-5 - (3 + -4 - 6)) + 7?
9
What is -7 + 6 + (-5 - (-1 + -1))?
-4
What is the value of -10 + (2 - 8) + 6?
-10
Calculate (-10 - -4) + 10 + 10 + -13.
1
-1 + (9 - 2 - 4) + 3
5
Calculate -1 + (-7 - -4) - (-2 + 0).
-2
Evaluate -11 - (8 - 23) - (8 + -1).
-3
Calculate 2 + (3 - 2) - (7 - 1).
-3
Evaluate -4 + 8 + 5 + -12.
-3
(29 - 30) + (-2 - (-3 + -1))
1
What is the value of -6 - (-15 - -1 - -4)?
4
Calculate (-1 - 2) + (-5 - -6).
-2
Evaluate (2 - (-3 + 2 + 3)) + 5.
5
Evaluate 4 + (-9 - -12) - 0.
7
5 - (3 - -6 - 3 - -4)
-5
What is the value of 113 - 113 - (-1 - 0 - 3)?
4
Evaluate (-3 - (-1 - 2)) + 5.
5
Evaluate (-57 - -62) + 3 + -1.
7
What is 0 + 2 - 2 - (8 + -12)?
4
-5 + (-1 + 0 - 1) + 5
-2
Calculate (7 - 12) + 1 + 2.
-2
-56 + 59 - (-2 - (-5 + 3))
3
3 - (9 + 2 + -2)
-6
Calculate 6 + -3 - 1 - (1 - 0).
1
What is the value of 4 + (-1 - -1 - -1)?
5
Evaluate 1 - (0 + (2 - 3)).
2
Evaluate 1 + 3 + (-1 + -7 - -3).
-1
What is the value of (7 - (-11 - -26)) + 6?
-2
What is the value of -3 - -2 - (-3 + -1) - -1?
4
What is 0 - (-7 + (-6 - -3 - -13))?
-3
What is the value of -7 + (-1 - -4) - -1?
-3
What is the value of -1 + -4 + (-5 - -27) + -18?
-1
(0 + (-5 - -2) - -5) + 2
4
-9 - (2 + 2) - (1 + -7)
-7
What is the value of 2 + (0 - -3) + -4?
1
Evaluate 0 + 0 + 1 + -1.
0
Calculate 6 + (-7 - (-12 - (-3 - 4))).
4
What is the value of -1 + (4 - 4 - -7)?
6
Evaluate 4 - -1 - (28 + -20).
-3
What is -24 + 38 - (1 + 14)?
-1
Evaluate (-9 - 4) + 16 - -4.
7
What is -1 - ((5 - -1) + -5)?
-2
What is 5 - (-3 - -4 - 1)?
5
Calculate 0 + -1 - (4 - (-1 - -3)).
-3
Calculate -2 + 1 + (26 - 26).
-1
What is the value of (4 - 2) + (-4 - (4 + -7))?
1
What is the value of 8 - (2 + 1) - (8 + -3)?
0
What is -6 - (5 + (-13 - -5))?
-3
0 + -9 + (0 - -5)
-4
-4 + -12 + (9 - -1)
-6
1 + (-2 - 2) + 1
-2
Calculate 56 + -54 + 0 + 4.
6
9 + (8 - (1 - -13))
3
Evaluate -5 + 6 + 2 + (-2 - -2).
3
What is the value of (-3 - -8) + (-5 - 4 - -4)?
0
0 + 4 - (-3 + 6)
1
Calculate -63 - -61 - (-10 - -1).
7
What is the value of 5 - (0 - -7 - 6)?
4
What is the value of 7 - ((14 - 12) + 4)?
1
Evaluate -5 - (-7 + (-7 - -6)).
3
What is 4 - (-2 + 13 + -10)?
3
0 + (-1 - (2 + 1))
-4
-2 - ((5 - 1) + 0)
-6
What is the value of -10 + 12 + (-2 - (-4 + -1))?
5
What is (10 - 2) + 2 + -5 - 6?
-1
Calculate (1 - (3 + 1)) + 4.
1
Calculate 1 + (1 - 1) + (-58 - -59).
2
Evaluate (-2 - (2 + -5 + -2)) + 2.
5
What is (-4 - (-1 - -2) - -4) + 4?
3
Calculate -3 + -6 + (2 - -1).
-6
Evaluate -12 + 1 + 3 - (-4 + 3).
-7
What is (1 + -1 - -3) + -5?
-2
Evaluate 16 + 1 - (-67 + 78).
6
Evaluate -1 - 2 - (6 + (-7 - -2)).
-4
What is the value of -3 + -2 + 0 - (24 + -32)?
3
Evaluate -3 + (-1 - -14) + -9.
1
Calculate -6 + -1 + -10 + 17.
0
Evaluate (-7 - (-2 - -3)) + 5.
-3
Calculate 0 + (7 - (-1 - -5)) - -1.
4
What is the value of 0 - -1 - (5 - 4 - 3)?
3
Evaluate -7 + 16 - (-1 + 14).
-4
What is -5 + -1 + (-2 - -5)?
-3
Calculate 9 + -3 + 4 + (0 - 7).
3
What is 0 - (-1 - -1) - (-13 - -8)?
5
Calculate 6 + -4 + (1 - (-4 + 1)).
6
Calculate 7 - 13 - (-1 - -2).
-7
What is -5 - (7 + -9) - 2?
-5
Calculate 9 + -5 + 8 + -4 - 2.
6
What is the value of (0 - (4 + (3 - 6))) + 0?
-1
Evaluate -5 - -1 - (36 + -34) - -2.
-4
Calculate (-5 - -8) + 2 - -3.
8
3 + 1 - 2 - 1
1
What is 6 - (-7 + (25 - 7))?
-5
What is (-3 - (-4 + 3)) + -1?
-3
What is 3 - 3 - (2 - (1 + 4))?
3
What is the value of ((4 - -6) + -4 - 3) + -7?
-4
Evaluate 1 + -2 - (5 - 5 - 1).
0
(0 - 1) + -5 - -3 - -2
-1
24 + -22 - (1 + 3 - 2)
0
Evaluate (0 - -12) + (-3 - -5) + -7.
7
Evaluate (5 - 5 - -4) + -3.
1
What is the value of (-2 - -1) + -1 + 1 + 1?
0
Calculate (-5 - -4) + -1 - -3.
1
What is 10 - (13 - (-9 - -6))?
-6
What is -4 + 7 + -9 - -4?
-2
Evaluate (-7 - -8 - (1 - -4)) + 1.
-3
Calculate (2 - -5) + (-5 - 0) + 0.
2
Evaluate -9 + (9 - 6) + 4 - -4.
2
What is 2 + 0 + 6 + -13?
-5
What is the value of -1 + -1 + 6 + -12 + 11?
3
Calculate 1 + 2 + 1 + -5 + 5.
4
What is the value of (2 - 2) + -2 - (-1 + 1)?
-2
What is -3 + 10 + 10 - 11?
6
(1 - (-7 - -16)) + 5
-3
Evaluate (9 - 1) + (8 - (13 - 3)).
6
What is the value of 4 + (-3 - -2) + -1 - -3?
5
(0 + 1 + -3 - 3) + 9
4
What is (7 - -2) + -18 - (-4 + 0)?
-5
Evaluate -2 + (-1 - -5 - (44 + -39)).
-3
Evaluate 2 + -5 + 1 + (-2 - 1).
-5
What is the value of (-4 - -3) + 1 - 4?
-4
Evaluate 1 + 6 + -14 - 0.
-7
What is the value of (-3 + -1 - -3 - -8) + -2?
5
Calculate 8 + (-12 - -26) + -27.
-5
Calculate -5 + (3 - 0 - (-6 - -4)).
0
What is the value of -1 - 4 - (2 + -7)?
0
Evaluate -8 + -2 + 10 + -2.
-2
7 + -9 - 1 - -11 - 3
5
What is 0 - ((-3 - (7 - 4)) + 5)?
1
Evaluate 13 + -1 + -1 - (7 - 1).
5
What is (-12 - -7) + -1 + (-1 - -6)?
-1
Calculate 4 + 8 + -3 - (5 - 1).
5
Evaluate 5 + (-15 - -1) - 0.
-9
Evaluate (7 - -7 - 19) + -1 + 5.
-1
What is 4 - 2 - (-43 + 53)?
-8
Evaluate -3 - -1 - -10 - 11.
-3
Calculate -3 + -3 + (-6 - -10).
-2
Evaluate -5 + 3 + 4 + 0.
2
(3 + -15 - 7) + 5 - -7
-7
Calculate 9 - 7 - (2 - (-3 + 1)).
-2
Evaluate 0 + 4 - (-4 - -2 - -2).
4
Calculate -3 + (5 - 4) - -4.
2
Evaluate (-20 - -32) + 1 + -7 + -4.
2
What is the value of -3 - (-4 + 2 - (0 - 2))?
-3
What is 3 + (3 - 7 - -1)?
0
What is the value of 1 + -2 - (-2 + 8 + -5)?
-2
Calculate (11 - 17) + 12 + 2.
8
What is 2 - (7 + (0 - (7 + -7)))?
-5
-20 - (0 + -8) - -8
-4
Calculate 1 - (-2 + 10 + -3).
-4
What is (-7 - -1 - -1) + 26 + -19?
2
Evaluate (-3 - (-3 + 4)) + 2.
-2
Evaluate -1 + (-4 - (-4 + -1)) - -7.
7
Calculate 4 + (-2 - -2) + 0.
4
What is the value of 0 - (4 + -6) - (-2 - -1)?
3
What is the value of 8 + -6 - (8 - (-4 - -4))?
-6
What is the value of 3 + -6 + 1 - 2?
-4
Calculate -11 + (-7 + -4 - -17).
-5
(-8 - 1) + 1 + (8 - -1)
1
What is -8 + 4 + 4 + -6?
-6
(3 - 3) + 2 + -1
1
Evaluate 5 - 3 - -6 - 1 - 4.
3
Evaluate 4 + (-5 - -5 - 4).
0
What is (0 - -2) + -4 + 3?
1
What is -11 + 7 - ((-8 - -6) + -5)?
3
Evaluate 1 + -6 + 9 - -1.
5
What is the value of 4 - (2 + 0 + (-5 - -2))?
5
Calculate 2 - 0 - 8 - (-11 - -8).
-3
5 + -3 + 0 + 2
4
Calculate 1 + 1 + 3 + -5.
0
Evaluate 4 - (-12 + 1 - -9).
6
What is 2 + (7 - 3) + -8?
-2
Calculate (2 + 3 - (7 - -2)) + 2.
-2
What is the value of 4 + 0 - (1 - -2)?
1
Calculate -2 + 12 + -7 + 6 + -3.
6
What is 0 + 8 + -24 + 9?
-7
Calculate (-1 + 1 - 4) + (4 - 3).
-3
Calculate 7 + -2 + -5 - (0 + -4).
4
Calculate (-4 - -3) + -1 - -3.
1
Calculate -6 + (-4 - -3) + 1 - -1.
-5
Evaluate 0 - (-2 - (0 - (-2 - -3))).
1
Evaluate 5 - (-1 + -2 - (-2 + 1)).
7
Evaluate -3 - -1 - -3 - -4.
5
Evaluate -4 - (0 + 5 + -2 + -8).
1
What is -27 + 35 + -1 + -6?
1
2 + (-4 - -2 - -2)
2
Calculate 12 - 17 - (0 - (-1 - -1)).
-5
What is the value of 4 + (-1 - -2 - (-9 + 11))?
3
What is 9 + (-4 - (13 - 8))?
0
Evaluate (-10 - -4) + 11 - 10 - 3.
-8
Evaluate -12 + 1 + 5 - -5.
-1
What is the value of (-1 - (-6 - -3)) + -5?
-3
Evaluate 1 + (3 - 1) + -7 + 3.
-1
What is the value of (2 - 2) + (-2 - -8) + -4?
2
What is (-16 - -16) + (7 - 4)?
3
Evaluate (103 - 107) + (-1 - -2 - -1).
-2
What is the value of -21 + 12 - (1 - -2 - 2)?
-10
What is 6 - 3 - (-6 + 0 + 6)?
3
Evaluate 3 + (-13 - -6) - 1.
-5
Calculate -5 + 2 + -8 + 2 + 4.
-5
-7